- 10. Let p be b(-5). What is the highest common divisor of p and 60?
30
Let h(n) = n + 2. Let j be h(-2). Let x(v) = 21*v + 1. Let b be x(1). Suppose -b = -d - j*d. What is the highest common divisor of 55 and d?
11
Suppose c + 10 = 6*c. Suppose 0 = -b + c*b - 10. What is the greatest common factor of 20 and b?
10
Let l = -126 - -129. What is the greatest common factor of l and 69?
3
Let k(u) = 0 + 3*u - u + 2 - 5. Let r be k(5). Calculate the greatest common factor of 56 and r.
7
Let o be 45 + ((-4)/12*0)/(-1). Calculate the greatest common divisor of o and 15.
15
Suppose 63*o - 56*o = 903. What is the greatest common factor of 43 and o?
43
Let r be ((-2)/4)/((-1)/6). Let h be (1/(-2))/(r/18). Let i be -4*(3/(-3) + h). What is the greatest common divisor of i and 4?
4
Suppose -4*c = s - 0*c - 4, 4*s + 23 = -3*c. Let x = s - -14. Let n = 26 + -14. Calculate the highest common divisor of n and x.
6
Suppose p - 3 = m - 0, -4*m = -5*p + 11. Let d be (p + 0)/(4/(-44)). What is the greatest common divisor of 77 and d?
11
Let a = 1 + 2. Let s be 1/a*(2 - 2). Suppose s = -0*n - 3*n + 297. What is the highest common divisor of n and 11?
11
Let y = -21 + 25. What is the greatest common divisor of y and 4?
4
Let h = 6 - 7. Let n be 4/2*(h + 17). Calculate the greatest common divisor of 16 and n.
16
Let d = -6 - -9. Suppose 4*g - 8 = 8. Suppose -d*b + 1 = 2*h - 5, -5*h - 31 = -g*b. What is the greatest common divisor of 2 and b?
2
Let t be (-5)/((-2)/(-2))*-2. Suppose -5*d - 2*h + 311 = -6*h, -4*d = -5*h - 256. Let i = d + -9. What is the highest common factor of i and t?
10
Suppose t = -5*p + 193, 203 = 5*p - 6*t + 2*t. Let b be p/5 - 1/(-5). What is the greatest common divisor of b and 40?
8
Let s(c) = -c - 1. Let l be (-14)/(-21)*(-3)/2. Let n be s(l). Suppose 2*z - 54 + 18 = n. What is the greatest common divisor of z and 9?
9
Let n(m) = -7*m - 5. Let z be n(-5). Suppose -3*d - 4*h = -32, -8*d - 2*h = -4*d - 46. What is the greatest common divisor of d and z?
6
Let g = 4 - -1. Let y = 23 - g. What is the greatest common factor of 90 and y?
18
Let f(g) = g**2 + 2*g. Let y be f(-4). Let c(i) = -2 - i**3 - 1 - 5 + 2*i + 8*i**2. Let u be c(y). Calculate the greatest common divisor of u and 24.
8
Let b = 81 + 39. What is the greatest common divisor of b and 15?
15
Let j = -3 - -35. Calculate the highest common factor of 8 and j.
8
Let g be 0 - 27/((-3)/(-1)). Let x(i) = -5*i - 9. Let d be x(g). Calculate the greatest common divisor of 18 and d.
18
Let l(a) = -a**3 - 4*a**2 + 2*a. Let o be l(-5). Calculate the greatest common divisor of 105 and o.
15
Suppose 2*f - 7*f + 5 = 0. Let c(v) = 31*v - 1. Let s be c(f). Calculate the highest common divisor of s and 75.
15
Let i be ((1 - -1) + 30)/1. Let z be -4 + 2 + 5 - -1. Calculate the greatest common factor of z and i.
4
Suppose -2*f - f = 0. Let y(h) = -h**2 + 4*h - 2. Let s be y(3). Let w be 27*(f + s/1). Calculate the highest common factor of w and 3.
3
Let r be (-6)/7*(0 - 14). Let o = -4 - -12. Calculate the highest common divisor of r and o.
4
Let n be 44/(-10) + 6/15. Let o be (-2)/(16/6)*n. What is the greatest common divisor of 15 and o?
3
Let t(k) be the third derivative of k**5/60 - k**4/6 + k**3/2 + 4*k**2. Let f be t(6). What is the greatest common factor of 105 and f?
15
Suppose -4*d + 94 = 2*l, -4*d - 90 - 134 = -4*l. Let t = l - 29. Suppose -t = -2*z - 2*n, -z = -3*z - 4*n + 26. Calculate the highest common factor of 33 and z.
11
Suppose t + 2 = -t. Let w be 98/10 - t/5. What is the greatest common factor of w and 40?
10
Let h be (0 + 0)/(2 + -1). Suppose 3*r - 2*k + 12 = h, r + 0*r - 2*k + 8 = 0. Let g be 22/(0 + (-1)/r). Calculate the highest common factor of g and 11.
11
Suppose 0 = -20*r + 24*r - 72. Calculate the greatest common factor of 2 and r.
2
Let t be (16/(-32))/(2/(-560)). What is the highest common factor of 20 and t?
20
Let c(x) = 3*x. Let j be -1*(-3 + 4/2). Let k be c(j). What is the highest common factor of k and 9?
3
Let b = 23 - 13. What is the highest common divisor of 4 and b?
2
Suppose 0 = -3*l, 0 = -2*k - 2*l + 12 + 48. Suppose -5*g + 3*b = -384, 5*g + 59 = -5*b + 419. Calculate the greatest common divisor of k and g.
15
Let z be 76/(0/(-4) - -2). Calculate the highest common divisor of z and 19.
19
Let d(h) = h**2 - 3*h + 4. Let w be d(5). Suppose -3*c = -3*a + 393, -539 = -3*a + 4*c - 141. What is the greatest common divisor of a and w?
14
Let p be 20/(-15)*(-2 + -1). Suppose 2*q - 11 = -n + 7*q, -q + 41 = n. Calculate the highest common divisor of p and n.
4
Suppose -3*i + 12 = h, -3*h - 2*i = -4*i - 3. Suppose -3*p = -h*w - 21 - 51, 0 = -2*p + w + 46. What is the highest common factor of p and 44?
22
Let i be (-2)/(-4) - (-7 - (-125)/(-10)). Calculate the highest common factor of i and 35.
5
Suppose 88*g = 93*g - 425. What is the highest common factor of g and 34?
17
Let m be ((-25)/15)/(3/(-9)). Let n be (-15)/((0 - 3)/3). Calculate the greatest common factor of n and m.
5
Let m(g) = g + 8. Let d be m(0). Let o(j) = 0*j + 72 - j + 2*j. Let s be o(0). What is the greatest common divisor of s and d?
8
Let m(n) be the first derivative of -5*n**2/2 - 2*n - 2. Let q be m(-3). Suppose -5*z + 3*z + 208 = 0. Calculate the greatest common divisor of q and z.
13
Suppose -102 = -2*h - 4*h. What is the greatest common divisor of 68 and h?
17
Suppose 3*i + 45 = 3*x, 4*x - 2*i - 66 = -0*x. Calculate the highest common factor of x and 2.
2
Suppose 26*s = 27*s - 5. Calculate the highest common factor of s and 20.
5
Let i be 34/(-9) - (-4)/(-18). Let r = 4 + i. Let u = r - -2. What is the highest common factor of u and 10?
2
Let a be (195/(-26))/((-1)/2). What is the greatest common divisor of 15 and a?
15
Let w be (81/(-2))/(2/(-4)). Let x be -12*(4 + (-95)/20). What is the highest common factor of w and x?
9
Let x(g) = g**3 + 6*g**2 - g - 3. Let p be x(-6). Suppose 2*a + p*a = 35. What is the highest common factor of a and 49?
7
Let b = 0 + 3. Suppose -22 = -b*r + 62. Suppose -12 + 82 = z. What is the highest common divisor of z and r?
14
Let m = 126 + -116. Calculate the highest common divisor of m and 110.
10
Suppose -2*g + 52 = -52. What is the highest common factor of 13 and g?
13
Suppose -3*x + 0 = -9. Suppose 5*z + 0*f - 92 = 2*f, 5*z + x*f - 87 = 0. Suppose -432 = -3*b - 3*b. What is the highest common factor of b and z?
18
Let p be 1/(3*(-2)/12). Let y be p/(-1) + 36/2. Calculate the highest common divisor of y and 8.
4
Let m = 1 + -1. Let y(c) = c - 2. Let r be y(m). Let o be r/4 - (-7)/2. Calculate the greatest common divisor of o and 2.
1
Suppose -3*i = -5*i + 24. Suppose -5*u + 232 + 426 = 2*k, -2*u + k + 265 = 0. Calculate the highest common divisor of i and u.
12
Suppose 4 = c - 3. Suppose 2*b + 20 = c*b. Let t be b/(1 - -1)*10. Calculate the highest common divisor of 50 and t.
10
Let g(l) = -l**2 + 1. Let h be g(-1). Suppose h = 4*i - 9*i + 40. Calculate the highest common divisor of i and 40.
8
Suppose -540 = -6*p + p. Calculate the highest common factor of p and 27.
27
Suppose n - 4 - 5 = 0. Calculate the greatest common divisor of n and 6.
3
Let u(g) = -g**3 + 10*g**2 + 10*g - 11. Let k be u(10). Suppose x - 6 = k. Let t be ((-8)/(-12))/((-8)/(-228)). Calculate the highest common factor of x and t.
19
Let f(k) = -3*k**3 - 3*k**2 - k + 7. Let b be f(-3). What is the greatest common divisor of b and 8?
8
Let o = 48 - 24. Let p = 7 - 4. What is the highest common factor of p and o?
3
Let b be (-6)/(-5)*40/(-12). Let c = b - -3. Let q be -1 + c - (1 + -10). Calculate the greatest common divisor of q and 1.
1
Let p = 53 - 31. Suppose -4*t = 15 - 59. Calculate the greatest common divisor of t and p.
11
Let j be 222/8 - 3/(-12). Let s(f) = 21*f. Let u be s(2). What is the greatest common divisor of j and u?
14
Suppose 3*h - d - 255 = -h, h + 2*d = 75. What is the greatest common divisor of h and 5?
5
Let m be (7 - 3)*(-1)/(-2). Suppose m*v - 24 = v. Let u(b) = -11*b + 1. Let x be u(-1). What is the greatest common divisor of x and v?
12
Suppose 0 = -0*h + h. Suppose 0*u - 2*u + 54 = h. Suppose -5*f = -5*g - 35, -f + 0*g + 5 = -2*g. Calculate the greatest common divisor of f and u.
9
Suppose -2*f + 50 = 3*f. Suppose 5*n = -5*s + f, -s = 2*n - 7*n + 28. Let o be 17/